s digit of 1749911?
9
What is the ten thousands digit of 899543?
9
What is the units digit of 60509?
9
What is the tens digit of 4070316?
1
What is the tens digit of 4454808?
0
What is the tens digit of 19861875?
7
What is the units digit of 1274299?
9
What is the hundreds digit of 47982?
9
What is the hundred thousands digit of 722193?
7
What is the units digit of 137170?
0
What is the millions digit of 2007779?
2
What is the ten thousands digit of 1970447?
7
What is the tens digit of 9846219?
1
What is the tens digit of 1478292?
9
What is the hundred thousands digit of 24155125?
1
What is the ten thousands digit of 7598397?
9
What is the thousands digit of 232060?
2
What is the ten thousands digit of 183960?
8
What is the thousands digit of 796445?
6
What is the tens digit of 223939?
3
What is the units digit of 27678069?
9
What is the millions digit of 10541462?
0
What is the ten thousands digit of 1896960?
9
What is the millions digit of 2526178?
2
What is the millions digit of 3687372?
3
What is the thousands digit of 12715053?
5
What is the hundred thousands digit of 1386753?
3
What is the millions digit of 4315788?
4
What is the thousands digit of 32936?
2
What is the thousands digit of 1036872?
6
What is the units digit of 609422?
2
What is the tens digit of 1793493?
9
What is the hundreds digit of 7605678?
6
What is the units digit of 265155?
5
What is the hundreds digit of 11510513?
5
What is the hundred thousands digit of 3726845?
7
What is the hundred thousands digit of 1318309?
3
What is the ten thousands digit of 3407504?
0
What is the ten thousands digit of 1192648?
9
What is the ten thousands digit of 629200?
2
What is the hundreds digit of 748426?
4
What is the hundreds digit of 1608973?
9
What is the units digit of 262466?
6
What is the tens digit of 1818666?
6
What is the hundreds digit of 1822819?
8
What is the hundred thousands digit of 210488?
2
What is the ten thousands digit of 43588?
4
What is the ten thousands digit of 383659?
8
What is the units digit of 230752?
2
What is the tens digit of 345537?
3
What is the hundreds digit of 5781969?
9
What is the tens digit of 9475600?
0
What is the millions digit of 1312960?
1
What is the units digit of 5514478?
8
What is the ten thousands digit of 467390?
6
What is the hundreds digit of 365538?
5
What is the tens digit of 583529?
2
What is the hundreds digit of 81206?
2
What is the hundreds digit of 2999396?
3
What is the hundreds digit of 5404816?
8
What is the thousands digit of 7296412?
6
What is the hundred thousands digit of 210678?
2
What is the tens digit of 568399?
9
What is the ten thousands digit of 410678?
1
What is the ten thousands digit of 711295?
1
What is the tens digit of 4708533?
3
What is the tens digit of 6906484?
8
What is the tens digit of 15646?
4
What is the tens digit of 1668288?
8
What is the tens digit of 2518243?
4
What is the millions digit of 3657126?
3
What is the thousands digit of 2619444?
9
What is the thousands digit of 1003152?
3
What is the millions digit of 9613202?
9
What is the hundred thousands digit of 100166?
1
What is the hundreds digit of 2445196?
1
What is the ten thousands digit of 11036813?
3
What is the thousands digit of 2909605?
9
What is the ten thousands digit of 1274980?
7
What is the units digit of 171173?
3
What is the hundred thousands digit of 950386?
9
What is the tens digit of 10235655?
5
What is the hundred thousands digit of 1209758?
2
What is the hundreds digit of 14178270?
2
What is the tens digit of 1031426?
2
What is the ten thousands digit of 379442?
7
What is the ten millions digit of 10165287?
1
What is the hundreds digit of 290981?
9
What is the thousands digit of 2091430?
1
What is the tens digit of 8792?
9
What is the thousands digit of 940093?
0
What is the ten thousands digit of 77431?
7
What is the ten thousands digit of 689399?
8
What is the thousands digit of 311943?
1
What is the thousands digit of 935897?
5
What is the units digit of 65393?
3
What is the millions digit of 1204466?
1
What is the thousands digit of 926677?
6
What is the millions digit of 19832685?
9
What is the hundreds digit of 5045430?
4
What is the thousands digit of 16830088?
0
What is the thousands digit of 68153?
8
What is the thousands digit of 94031?
4
What is the units digit of 31389898?
8
What is the hundreds digit of 21765940?
9
What is the units digit of 68062?
2
What is the hundreds digit of 371066?
0
What is the units digit of 249383?
3
What is the hundred thousands digit of 154263?
1
What is the units digit of 387?
7
What is the units digit of 1320370?
0
What is the units digit of 133288?
8
What is the ten thousands digit of 3046888?
4
What is the hundred thousands digit of 1693748?
6
What is the thousands digit of 922415?
2
What is the hundred thousands digit of 2308573?
3
What is the hundreds digit of 15140186?
1
What is the units digit of 21237?
7
What is the thousands digit of 1576081?
6
What is the tens digit of 239766?
6
What is the thousands digit of 619143?
9
What is the units digit of 11688410?
0
What is the tens digit of 227514?
1
What is the thousands digit of 19940916?
0
What is the thousands digit of 9884?
9
What is the units digit of 139163?
3
What is the hundreds digit of 7255943?
9
What is the hundreds digit of 90541?
5
What is the thousands digit of 231828?
1
What is the units digit of 4935495?
5
What is the hundred thousands digit of 3004772?
0
What is the millions digit of 1113414?
1
What is the units digit of 503256?
6
What is the hundred thousands digit of 209742?
2
What is the hundreds digit of 10971794?
7
What is the ten thousands digit of 124787?
2
What is the thousands digit of 764483?
4
What is the hundreds digit of 5692429?
4
What is the tens digit of 14779378?
7
What is the tens digit of 2759967?
6
What is the thousands digit of 73530?
3
What is the tens digit of 2766274?
7
What is the millions digit of 1035942?
1
What is the hundreds digit of 19323?
3
What is the units digit of 1813449?
9
What is the tens digit of 100241?
4
What is the tens digit of 553969?
6
What is the thousands digit of 45688560?
8
What is the units digit of 2308628?
8
What is the thousands digit of 832427?
2
What is the tens digit of 5374959?
5
What is the units digit of 158558?
8
What is the ten thousands digit of 3164928?
6
What is the units digit of 226772?
2
What is the hundred thousands digit of 10519014?
5
What is the thousands digit of 1585971?
5
What is the thousands digit of 75553?
5
What is the hundred thousands digit of 16538468?
5
What is the ten thousands digit of 2091351?
9
What is the units digit of 334629?
9
What is the tens digit of 386452?
5
What is the units digit of 3931463?
3
What is the hundred thousands digit of 1914861?
9
What is the units digit of 296089?
9
What is the thousands digit of 23432617?
2
What is the units digit of 780521?
1
What is the thousands digit of 3186428?
6
What is the ten thousands digit of 232688?
3
What is the tens digit of 5818535?
3
What is the hundred thousands digit of 1370690?
3
What is the hundred thousands digit of 3420799?
4
What is the ten thousands digit of 460298?
6
What is the tens digit of 336068?
6
What is the hundreds digit of 4626663?
6
What is the tens digit of 2425550?
5
What is the tens digit of 178786?
8
What is the ten thousands digit of 78972?
7
What is the units digit of 3677553?
3
What is the hundred thousands digit of 17655364?
6
What is the tens digit of 222583?
8
What is the ten thousands digit of 41264?
4
What is the hundred thousands digit of 3496181?
4
What is the ten thousands digit of 717911?
1
What is the hundreds digit of 5343205?
2
What is the hundred thousands digit of 1971285?
9
What is the ten thousands digit of 4314567?
1
What is the tens digit of 629968?
6
What is the thousands digit of 21406268?
6
What is the millions digit of 2541003?
2
What is the hundred thousands digit of 227523?
2
What is the thousands digit of 178294?
8
What is the ten thousands digit of 506016?
0
What is the thousands digit of 658424?
8
What is the hundreds digit of 863055?
0
What is the hundreds digit of 49355?
3
What is the ten thousands digit of 2827491?
2
What is the hundred thousands digit of 201498?
2
What is the hundreds digit of 723153?
1
What is 